{"id":2950,"date":"2024-03-03T19:03:34","date_gmt":"2024-03-03T18:03:34","guid":{"rendered":"http:\/\/www.wesolyskrzat.edu.pl\/?page_id=2950"},"modified":"2026-02-17T12:52:06","modified_gmt":"2026-02-17T11:52:06","slug":"harmonogram-rekrutacji","status":"publish","type":"page","link":"https:\/\/www.wesolyskrzat.edu.pl\/index.php\/harmonogram-rekrutacji\/","title":{"rendered":"Harmonogram rekrutacji"},"content":{"rendered":"\t\t<div data-elementor-type=\"wp-page\" data-elementor-id=\"2950\" class=\"elementor elementor-2950\">\n\t\t\t\t\t\t\t\t\t<section class=\"elementor-section elementor-top-section elementor-element elementor-element-f6db303 elementor-section-boxed elementor-section-height-default elementor-section-height-default\" data-id=\"f6db303\" data-element_type=\"section\">\n\t\t\t\t\t\t<div class=\"elementor-container elementor-column-gap-default\">\n\t\t\t\t\t<div class=\"elementor-column elementor-col-100 elementor-top-column elementor-element elementor-element-17d874d\" data-id=\"17d874d\" data-element_type=\"column\">\n\t\t\t<div class=\"elementor-widget-wrap elementor-element-populated\">\n\t\t\t\t\t\t\t\t<div class=\"elementor-element elementor-element-8b94577 elementor-widget elementor-widget-text-editor\" data-id=\"8b94577\" data-element_type=\"widget\" data-widget_type=\"text-editor.default\">\n\t\t\t\t<div class=\"elementor-widget-container\">\n\t\t\t<style>\/*! elementor - v3.15.0 - 20-08-2023 *\/\n.elementor-widget-text-editor.elementor-drop-cap-view-stacked .elementor-drop-cap{background-color:#69727d;color:#fff}.elementor-widget-text-editor.elementor-drop-cap-view-framed .elementor-drop-cap{color:#69727d;border:3px solid;background-color:transparent}.elementor-widget-text-editor:not(.elementor-drop-cap-view-default) .elementor-drop-cap{margin-top:8px}.elementor-widget-text-editor:not(.elementor-drop-cap-view-default) .elementor-drop-cap-letter{width:1em;height:1em}.elementor-widget-text-editor .elementor-drop-cap{float:left;text-align:center;line-height:1;font-size:50px}.elementor-widget-text-editor .elementor-drop-cap-letter{display:inline-block}<\/style>\t\t\t\t<h1>Rekrutacja do przedszkoli<\/h1><p>Informacja ze strony www.marki.pl<\/p><p class=\"skrot\">Zapoznaj si\u0119 z og\u00f3lnymi zasadami i harmonogramem na rok 2025\/2026<\/p><p>Jak co roku wiosn\u0105 Gmina Marki przeprowadzi rekrutacj\u0119 do przedszkoli publicznych oraz konkursowych. Dost\u0119pny jest ju\u017c harmonogram post\u0119powania rekrutacyjnego (w za\u0142\u0105czeniu poni\u017cej).<\/p><p>W roku szkolnym 2026\/2027 wychowaniem przedszkolnym mog\u0105 by\u0107 obj\u0119te dzieci urodzone w roku 2023, 2022 oraz 2021, natomiast dzieci 6-letnie (urodzone w 2020 roku) s\u0105 zobowi\u0105zane do odbycia rocznego obowi\u0105zkowego przygotowania przedszkolnego. Dzieci 6-letnie, kt\u00f3re odby\u0142y wcze\u015bniej roczne obowi\u0105zkowe wychowanie przedszkolne, mog\u0105 r\u00f3wnie\u017c na wniosek rodzic\u00f3w, rozpocz\u0105\u0107 nauk\u0119 w klasie I szko\u0142y podstawowej.<\/p><p>Ka\u017cdemu dziecku uczestnicz\u0105cemu w rekrutacji przedszkolnej gmina ma obowi\u0105zek zapewni\u0107 miejsce w przedszkolu publicznym lub w przedszkolu &#8222;konkursowym&#8221; dzia\u0142aj\u0105cym na zasadach obowi\u0105zuj\u0105cych w przedszkolach publicznych, prowadzonych przez Gmin\u0119 Miasto Marki.<\/p><p>Rekrutacja do przedszkoli zostanie przeprowadzona przy wsparciu elektronicznego systemu rekrutacji, kt\u00f3ry b\u0119dzie udost\u0119pniony w stosownych terminach, za po\u015brednictwem specjalnej strony internetowej (przedszkola-marki.nabory.pl). Oferta edukacyjna przedszkoli prowadz\u0105cych rekrutacj\u0119 b\u0119dzie dost\u0119pna 9 marca 2026 roku, a liczba wolnych miejsc w przedszkolach zostanie podana 17 marca 2026 roku.<\/p><p>Ka\u017cde dziecko, kt\u00f3re w roku szkolnym 2025\/2026 ucz\u0119szcza ju\u017c do w\/w przedszkoli, mo\u017ce kontynuowa\u0107 wychowanie przedszkolne w tej plac\u00f3wce w kolejnym roku szkolnym, a\u017c do uko\u0144czenia 6 roku \u017cycia. W takim przypadku konieczne jest z\u0142o\u017cenie przez rodzica dziecka deklaracji o kontynuowaniu wychowania przedszkolnego w roku szkolnym 2026\/2027. Deklaracj\u0119 nale\u017cy z\u0142o\u017cy\u0107 w przedszkolu do kt\u00f3rego dziecko ucz\u0119szcza w okresie od 10 do 16 marca 2026 roku.<\/p><p>Rekrutacja b\u0119dzie przebiega\u0142a wed\u0142ug zasad okre\u015blonych w ustawie &#8211; Prawo O\u015bwiatowe. Pierwszy etap rekrutacji przeprowadza si\u0119 wed\u0142ug kryteri\u00f3w ustawowych (brane s\u0105 pod uwag\u0119 m.in. wielodzietno\u015b\u0107 rodziny kandydata, samotne wychowywanie dziecka lub niepe\u0142nosprawno\u015b\u0107 dziecka lub rodzic\u00f3w). W przypadku gdy po tym etapie b\u0119d\u0105 wolne miejsca w przedszkolu,\u00a0 przeprowadza si\u0119 drugi etap \u00a0w oparciu\u00a0o kryteria okre\u015blone przez organ prowadz\u0105cy.<\/p>\t\t\t\t\t\t<\/div>\n\t\t\t\t<\/div>\n\t\t\t\t\t<\/div>\n\t\t<\/div>\n\t\t\t\t\t\t\t<\/div>\n\t\t<\/section>\n\t\t\t\t<section class=\"elementor-section elementor-top-section elementor-element elementor-element-212aff5 elementor-section-boxed elementor-section-height-default elementor-section-height-default\" data-id=\"212aff5\" data-element_type=\"section\">\n\t\t\t\t\t\t<div class=\"elementor-container elementor-column-gap-default\">\n\t\t\t\t\t<div class=\"elementor-column elementor-col-100 elementor-top-column elementor-element elementor-element-7b080d6\" data-id=\"7b080d6\" data-element_type=\"column\">\n\t\t\t<div class=\"elementor-widget-wrap elementor-element-populated\">\n\t\t\t\t\t\t\t\t<div class=\"elementor-element elementor-element-51159cd elementor-widget elementor-widget-text-editor\" data-id=\"51159cd\" data-element_type=\"widget\" data-widget_type=\"text-editor.default\">\n\t\t\t\t<div class=\"elementor-widget-container\">\n\t\t\t\t\t\t\t<p><a href=\"https:\/\/www.wesolyskrzat.edu.pl\/wp-content\/uploads\/2026\/02\/1954-gminne_kryteria_rekrutacji.pdf\">1954-gminne_kryteria_rekrutacji<\/a><\/p>\t\t\t\t\t\t<\/div>\n\t\t\t\t<\/div>\n\t\t\t\t<div class=\"elementor-element elementor-element-9e3debe elementor-widget elementor-widget-text-editor\" data-id=\"9e3debe\" data-element_type=\"widget\" data-widget_type=\"text-editor.default\">\n\t\t\t\t<div class=\"elementor-widget-container\">\n\t\t\t\t\t\t\t<p><a href=\"https:\/\/www.wesolyskrzat.edu.pl\/wp-content\/uploads\/2026\/02\/1953-harmonogram.pdf\">1953-harmonogram<\/a><\/p>\t\t\t\t\t\t<\/div>\n\t\t\t\t<\/div>\n\t\t\t\t\t<\/div>\n\t\t<\/div>\n\t\t\t\t\t\t\t<\/div>\n\t\t<\/section>\n\t\t\t\t<section class=\"elementor-section elementor-top-section elementor-element elementor-element-b48be9b elementor-section-boxed elementor-section-height-default elementor-section-height-default\" data-id=\"b48be9b\" data-element_type=\"section\">\n\t\t\t\t\t\t<div class=\"elementor-container elementor-column-gap-default\">\n\t\t\t\t\t<div class=\"elementor-column elementor-col-100 elementor-top-column elementor-element elementor-element-7016635\" data-id=\"7016635\" data-element_type=\"column\">\n\t\t\t<div class=\"elementor-widget-wrap\">\n\t\t\t\t\t\t\t\t\t<\/div>\n\t\t<\/div>\n\t\t\t\t\t\t\t<\/div>\n\t\t<\/section>\n\t\t\t\t\t\t\t<\/div>\n\t\t","protected":false},"excerpt":{"rendered":"<p>Rekrutacja do przedszkoli Informacja ze strony www.marki.pl Zapoznaj si\u0119 z og\u00f3lnymi zasadami i harmonogramem na rok 2025\/2026 Jak co roku wiosn\u0105 Gmina Marki przeprowadzi rekrutacj\u0119 do przedszkoli publicznych oraz konkursowych. Dost\u0119pny jest ju\u017c harmonogram post\u0119powania rekrutacyjnego (w za\u0142\u0105czeniu poni\u017cej). W roku szkolnym 2026\/2027 wychowaniem przedszkolnym mog\u0105 by\u0107 obj\u0119te dzieci urodzone w roku 2023, 2022 oraz [&hellip;]<\/p>\n","protected":false},"author":2,"featured_media":0,"parent":0,"menu_order":0,"comment_status":"closed","ping_status":"closed","template":"","meta":{"_mc_calendar":[],"footnotes":""},"class_list":["post-2950","page","type-page","status-publish","hentry"],"yoast_head":"<!-- This site is optimized with the Yoast SEO plugin v18.5.1 - https:\/\/yoast.com\/wordpress\/plugins\/seo\/ -->\n<title>Harmonogram rekrutacji - Weso\u0142y Skrzat<\/title>\n<meta name=\"robots\" content=\"index, follow, max-snippet:-1, max-image-preview:large, max-video-preview:-1\" \/>\n<link rel=\"canonical\" href=\"https:\/\/www.wesolyskrzat.edu.pl\/index.php\/harmonogram-rekrutacji\/\" \/>\n<meta property=\"og:locale\" content=\"pl_PL\" \/>\n<meta property=\"og:type\" content=\"article\" \/>\n<meta property=\"og:title\" content=\"Harmonogram rekrutacji - Weso\u0142y Skrzat\" \/>\n<meta property=\"og:description\" content=\"Rekrutacja do przedszkoli Informacja ze strony www.marki.pl Zapoznaj si\u0119 z og\u00f3lnymi zasadami i harmonogramem na rok 2025\/2026 Jak co roku wiosn\u0105 Gmina Marki przeprowadzi rekrutacj\u0119 do przedszkoli publicznych oraz konkursowych. Dost\u0119pny jest ju\u017c harmonogram post\u0119powania rekrutacyjnego (w za\u0142\u0105czeniu poni\u017cej). W roku szkolnym 2026\/2027 wychowaniem przedszkolnym mog\u0105 by\u0107 obj\u0119te dzieci urodzone w roku 2023, 2022 oraz [&hellip;]\" \/>\n<meta property=\"og:url\" content=\"https:\/\/www.wesolyskrzat.edu.pl\/index.php\/harmonogram-rekrutacji\/\" \/>\n<meta property=\"og:site_name\" content=\"Weso\u0142y Skrzat\" \/>\n<meta property=\"article:modified_time\" content=\"2026-02-17T11:52:06+00:00\" \/>\n<meta name=\"twitter:card\" content=\"summary_large_image\" \/>\n<meta name=\"twitter:label1\" content=\"Szacowany czas czytania\" \/>\n\t<meta name=\"twitter:data1\" content=\"2 minuty\" \/>\n<script type=\"application\/ld+json\" class=\"yoast-schema-graph\">{\"@context\":\"https:\/\/schema.org\",\"@graph\":[{\"@type\":\"WebSite\",\"@id\":\"https:\/\/www.wesolyskrzat.edu.pl\/#website\",\"url\":\"https:\/\/www.wesolyskrzat.edu.pl\/\",\"name\":\"Weso\u0142y Skrzat\",\"description\":\"Najpi\u0119kniejsze przedszkole w Markach\",\"potentialAction\":[{\"@type\":\"SearchAction\",\"target\":{\"@type\":\"EntryPoint\",\"urlTemplate\":\"https:\/\/www.wesolyskrzat.edu.pl\/?s={search_term_string}\"},\"query-input\":\"required name=search_term_string\"}],\"inLanguage\":\"pl-PL\"},{\"@type\":\"WebPage\",\"@id\":\"https:\/\/www.wesolyskrzat.edu.pl\/index.php\/harmonogram-rekrutacji\/#webpage\",\"url\":\"https:\/\/www.wesolyskrzat.edu.pl\/index.php\/harmonogram-rekrutacji\/\",\"name\":\"Harmonogram rekrutacji - Weso\u0142y Skrzat\",\"isPartOf\":{\"@id\":\"https:\/\/www.wesolyskrzat.edu.pl\/#website\"},\"datePublished\":\"2024-03-03T18:03:34+00:00\",\"dateModified\":\"2026-02-17T11:52:06+00:00\",\"breadcrumb\":{\"@id\":\"https:\/\/www.wesolyskrzat.edu.pl\/index.php\/harmonogram-rekrutacji\/#breadcrumb\"},\"inLanguage\":\"pl-PL\",\"potentialAction\":[{\"@type\":\"ReadAction\",\"target\":[\"https:\/\/www.wesolyskrzat.edu.pl\/index.php\/harmonogram-rekrutacji\/\"]}]},{\"@type\":\"BreadcrumbList\",\"@id\":\"https:\/\/www.wesolyskrzat.edu.pl\/index.php\/harmonogram-rekrutacji\/#breadcrumb\",\"itemListElement\":[{\"@type\":\"ListItem\",\"position\":1,\"name\":\"Home\",\"item\":\"https:\/\/www.wesolyskrzat.edu.pl\/\"},{\"@type\":\"ListItem\",\"position\":2,\"name\":\"Harmonogram rekrutacji\"}]}]}<\/script>\n<!-- \/ Yoast SEO plugin. -->","yoast_head_json":{"title":"Harmonogram rekrutacji - Weso\u0142y Skrzat","robots":{"index":"index","follow":"follow","max-snippet":"max-snippet:-1","max-image-preview":"max-image-preview:large","max-video-preview":"max-video-preview:-1"},"canonical":"https:\/\/www.wesolyskrzat.edu.pl\/index.php\/harmonogram-rekrutacji\/","og_locale":"pl_PL","og_type":"article","og_title":"Harmonogram rekrutacji - Weso\u0142y Skrzat","og_description":"Rekrutacja do przedszkoli Informacja ze strony www.marki.pl Zapoznaj si\u0119 z og\u00f3lnymi zasadami i harmonogramem na rok 2025\/2026 Jak co roku wiosn\u0105 Gmina Marki przeprowadzi rekrutacj\u0119 do przedszkoli publicznych oraz konkursowych. Dost\u0119pny jest ju\u017c harmonogram post\u0119powania rekrutacyjnego (w za\u0142\u0105czeniu poni\u017cej). W roku szkolnym 2026\/2027 wychowaniem przedszkolnym mog\u0105 by\u0107 obj\u0119te dzieci urodzone w roku 2023, 2022 oraz [&hellip;]","og_url":"https:\/\/www.wesolyskrzat.edu.pl\/index.php\/harmonogram-rekrutacji\/","og_site_name":"Weso\u0142y Skrzat","article_modified_time":"2026-02-17T11:52:06+00:00","twitter_card":"summary_large_image","twitter_misc":{"Szacowany czas czytania":"2 minuty"},"schema":{"@context":"https:\/\/schema.org","@graph":[{"@type":"WebSite","@id":"https:\/\/www.wesolyskrzat.edu.pl\/#website","url":"https:\/\/www.wesolyskrzat.edu.pl\/","name":"Weso\u0142y Skrzat","description":"Najpi\u0119kniejsze przedszkole w Markach","potentialAction":[{"@type":"SearchAction","target":{"@type":"EntryPoint","urlTemplate":"https:\/\/www.wesolyskrzat.edu.pl\/?s={search_term_string}"},"query-input":"required name=search_term_string"}],"inLanguage":"pl-PL"},{"@type":"WebPage","@id":"https:\/\/www.wesolyskrzat.edu.pl\/index.php\/harmonogram-rekrutacji\/#webpage","url":"https:\/\/www.wesolyskrzat.edu.pl\/index.php\/harmonogram-rekrutacji\/","name":"Harmonogram rekrutacji - Weso\u0142y Skrzat","isPartOf":{"@id":"https:\/\/www.wesolyskrzat.edu.pl\/#website"},"datePublished":"2024-03-03T18:03:34+00:00","dateModified":"2026-02-17T11:52:06+00:00","breadcrumb":{"@id":"https:\/\/www.wesolyskrzat.edu.pl\/index.php\/harmonogram-rekrutacji\/#breadcrumb"},"inLanguage":"pl-PL","potentialAction":[{"@type":"ReadAction","target":["https:\/\/www.wesolyskrzat.edu.pl\/index.php\/harmonogram-rekrutacji\/"]}]},{"@type":"BreadcrumbList","@id":"https:\/\/www.wesolyskrzat.edu.pl\/index.php\/harmonogram-rekrutacji\/#breadcrumb","itemListElement":[{"@type":"ListItem","position":1,"name":"Home","item":"https:\/\/www.wesolyskrzat.edu.pl\/"},{"@type":"ListItem","position":2,"name":"Harmonogram rekrutacji"}]}]}},"_links":{"self":[{"href":"https:\/\/www.wesolyskrzat.edu.pl\/index.php\/wp-json\/wp\/v2\/pages\/2950","targetHints":{"allow":["GET"]}}],"collection":[{"href":"https:\/\/www.wesolyskrzat.edu.pl\/index.php\/wp-json\/wp\/v2\/pages"}],"about":[{"href":"https:\/\/www.wesolyskrzat.edu.pl\/index.php\/wp-json\/wp\/v2\/types\/page"}],"author":[{"embeddable":true,"href":"https:\/\/www.wesolyskrzat.edu.pl\/index.php\/wp-json\/wp\/v2\/users\/2"}],"replies":[{"embeddable":true,"href":"https:\/\/www.wesolyskrzat.edu.pl\/index.php\/wp-json\/wp\/v2\/comments?post=2950"}],"version-history":[{"count":13,"href":"https:\/\/www.wesolyskrzat.edu.pl\/index.php\/wp-json\/wp\/v2\/pages\/2950\/revisions"}],"predecessor-version":[{"id":8131,"href":"https:\/\/www.wesolyskrzat.edu.pl\/index.php\/wp-json\/wp\/v2\/pages\/2950\/revisions\/8131"}],"wp:attachment":[{"href":"https:\/\/www.wesolyskrzat.edu.pl\/index.php\/wp-json\/wp\/v2\/media?parent=2950"}],"curies":[{"name":"wp","href":"https:\/\/api.w.org\/{rel}","templated":true}]}}